actor of 47606400?
True
Is 793253891 a multiple of 8?
False
Is 6266326 a multiple of 2?
True
Does 213 divide 22605936?
False
Is 36236481 a multiple of 67?
True
Does 2076 divide 45364752?
True
Is 4134734964 a multiple of 2302?
False
Is 726 a factor of 120619818?
True
Does 3725 divide 1949760660?
False
Is 6375756 a multiple of 23?
False
Does 690 divide 16020420?
True
Is 12 a factor of 45073884?
True
Is 1934 a factor of 7292878?
False
Does 438 divide 210023548?
False
Is 99912099 a multiple of 2589?
True
Is 53 a factor of 221637500?
False
Does 48 divide 3091173?
False
Is 7 a factor of 1102205013?
True
Is 29579175 a multiple of 133?
False
Does 3158 divide 990149846?
True
Is 100 a factor of 572598909?
False
Is 37 a factor of 93543363?
True
Is 1360 a factor of 84659235?
False
Is 295367209 a multiple of 120?
False
Does 270 divide 10390241?
False
Does 27 divide 8224923?
False
Does 10 divide 267148353?
False
Does 1579 divide 1134438866?
True
Is 29674728 a multiple of 6?
True
Does 381 divide 627621681?
True
Is 42 a factor of 18433851?
False
Does 41 divide 100220236?
True
Is 1189098159 a multiple of 123?
False
Does 1113 divide 1439109?
True
Is 72 a factor of 3985077368?
False
Is 100 a factor of 34556160?
False
Is 320 a factor of 6797440?
True
Does 259 divide 54485312?
True
Does 1579 divide 401783594?
False
Does 2 divide 6410484?
True
Does 154 divide 35325906?
True
Is 454532182 a multiple of 421?
False
Is 127 a factor of 188133708?
False
Is 8 a factor of 228606051?
False
Does 508 divide 132459984?
True
Is 1605 a factor of 1103222430?
True
Is 54 a factor of 25582986?
True
Does 12 divide 124464432?
True
Is 354 a factor of 2550305790?
False
Does 89 divide 37841493?
False
Is 143 a factor of 4892416?
False
Is 2280696768 a multiple of 21?
True
Is 22 a factor of 40296002?
False
Is 1468916772 a multiple of 153?
False
Is 97648621 a multiple of 49?
True
Is 1385599924 a multiple of 49?
False
Is 27037703 a multiple of 418?
False
Is 375788775 a multiple of 25?
True
Is 36 a factor of 3999314592?
True
Is 4153 a factor of 1445966622?
True
Is 35351659 a multiple of 7?
True
Is 2530 a factor of 39862680?
True
Is 268209024 a multiple of 155?
False
Is 1051 a factor of 674821876?
True
Is 33232365 a multiple of 45?
True
Is 166906907 a multiple of 137?
False
Is 1758528 a multiple of 2272?
True
Does 12 divide 18582073?
False
Does 299 divide 178811723?
False
Does 23 divide 202292575?
False
Is 707814250 a multiple of 169?
True
Is 24509180 a multiple of 47?
False
Is 169 a factor of 30290383?
False
Does 45 divide 1199458980?
True
Does 38 divide 242684682?
True
Is 28915492 a multiple of 404?
True
Is 205674031 a multiple of 102?
False
Does 200 divide 50265320?
False
Is 481850590 a multiple of 61?
True
Does 128 divide 238080?
True
Is 1057177126 a multiple of 84?
False
Is 12126083 a multiple of 17?
True
Does 583 divide 299062676?
True
Is 307201646 a multiple of 95?
False
Is 227 a factor of 363353225?
True
Does 1039 divide 146883864?
False
Is 34446236 a multiple of 4?
True
Is 228 a factor of 20268758?
False
Does 8995 divide 4977355794?
False
Is 1981275 even?
False
Is 23472387 a multiple of 1011?
True
Is 244 a factor of 23751936?
True
Is 54084408 a multiple of 8?
True
Is 55 a factor of 16226774?
False
Is 661 a factor of 2293009?
True
Is 74 a factor of 29266267?
False
Is 78 a factor of 274357531?
False
Does 19 divide 1898841741?
True
Is 13 a factor of 90109695?
True
Is 27 a factor of 548891505?
True
Does 6 divide 4935899?
False
Is 10190482 even?
True
Is 124296860 a multiple of 1355?
True
Is 84 a factor of 233289626?
False
Is 1514010608 a multiple of 44?
True
Is 703 a factor of 292579461?
True
Is 9 a factor of 181380735?
True
Is 5528 a factor of 156525320?
True
Is 10 a factor of 23479100?
True
Is 14384831 a multiple of 230?
False
Does 165 divide 137118135?
True
Is 123 a factor of 123805029?
False
Does 258 divide 31818366?
True
Is 1321 a factor of 2127942097?
True
Is 185878672 a multiple of 3092?
True
Does 359 divide 82285087?
False
Does 1091 divide 13238194?
True
Is 13 a factor of 22174608?
False
Does 55 divide 50199974?
False
Is 2709951655 a multiple of 89?
True
Is 733 a factor of 202699634?
False
Is 286 a factor of 9047038?
True
Is 53306 a multiple of 60?
False
Is 8538672 a multiple of 24?
True
Does 3239 divide 35509157?
True
Is 157028489 a multiple of 4?
False
Is 103 a factor of 10418553?
True
Is 17 a factor of 26395565?
False
Does 194 divide 906001922?
True
Is 40 a factor of 26872296?
False
Does 2566 divide 396914012?
True
Is 3926466632 a multiple of 22?
True
Is 24237600 a multiple of 1200?
True
Is 1205171679 a multiple of 685?
False
Is 99037553 a multiple of 1878?
False
Is 2377853388 a multiple of 10746?
True
Is 17328212 a multiple of 65?
False
Is 3294 a factor of 230471298?
True
Does 41 divide 28693194?
True
Is 148510178 a multiple of 112?
False
Is 5 a factor of 91748407?
False
Does 3217 divide 53202150?
False
Is 32 a factor of 151703968?
True
Is 1021421690 a multiple of 1130?
True
Is 91 a factor of 58323447?
True
Is 16 a factor of 114532272?
True
Is 71 a factor of 770321032?
True
Does 197 divide 38770724?
False
Is 10 a factor of 163976390?
True
Is 3124284 a multiple of 2316?
True
Is 46685772 a multiple of 164?
False
Does 5601 divide 215716914?
True
Is 675 a factor of 59688558?
False
Is 569 a factor of 161078210?
True
Is 2046826958 a multiple of 2153?
True
Is 17164444 a multiple of 24?
False
Is 133598731 a multiple of 1294?
False
Is 23 a factor of 471946780?
False
Is 869 a factor of 1452677515?
False
Is 18 a factor of 1673276760?
True
Does 152 divide 19588199?
False
Is 17 a factor of 138628098?
True
Is 390544246 a multiple of 104?
False
Does 1068 divide 95122121?
False
Is 1320352236 a multiple of 36?
True
Does 3 divide 10455369?
True
Is 3328657509 a multiple of 11?
False
Does 1377 divide 50791400?
False
Is 700 a factor of 39757682?
False
Is 920574486 a multiple of 28?
False
Is 29 a factor of 11019739?
True
Does 3495 divide 1181065350?
True
Is 4301185464 a multiple of 24?
True
Does 33 divide 132718628?
False
Does 17 divide 2006833221?
True
Is 722 a factor of 347572966?
True
Is 75437626 a multiple of 3047?
True
Is 279430218 a multiple of 18?
True
Is 1155692775 a multiple of 25?
True
Does 218 divide 939993?
False
Is 34 a factor of 8727664?
True
Does 105 divide 313805069?
False
Is 1420 a factor of 87115617?
False
Does 838 divide 97158109?
False
Is 898 a factor of 991312078?
True
Is 299175692 a multiple of 99?
False
Does 207 divide 2984077638?
True
Does 8 divide 34705008?
True
Does 72 divide 28294128?
True
Does 813 divide 68602566?
True
Does 620 divide 1046630060?
True
Is 290 a factor of 79699250?
True
Is 3443480 a multiple of 14?
False
Does 1159 divide 3346598?
False
Is 85 a factor of 50659482?
False
Does 88 divide 24579399?
False
Is 37 a factor of 364039041?
True
Does 208 divide 1030720496?
True
Is 1704340 a multiple of 5?
True
Is 5940 a factor of 914718420?
True
Is 1159988711 a multiple of 83?
False
Is 458516813 a multiple of 43?
False
Does 7 divide 55310115?
True
Does 284 divide 22952312?
True
Does 33 divide 15361222?
False
Does 14 divide 6923798?
True
Is 4636 a factor of 3248301484?
True
Is 12 a factor of 54964740?
True
Does 149 divide 112820267?
True
Is 669 a factor of 26654967?
True
Does 61 divide 233136205?
True
Is 25178957 a multiple of 15?
False
Does 6523 divide 637813412?
False
Is 39983858 a multiple of 15?
False
Does 1868 divide 20689968?
True
Is 45286216 a multiple of 538?
False
Is 43818720 a multiple of 240?
True
Is 9371137 a multiple of 93?
False
Is 32 a factor of 1298048?
True
Does 109 divide 78914910?
True
Is 90 a factor of 8067093?
False
Does 371 divide 394322965?
False
Is 35 a factor of 10431995?
True
Is 276 a factor of 4359716?
False
Is 21025410 a multiple of 490?
True
Is 120 a factor of 23938345?
False
Does 163 divide 683631943?
True
Is 29698319 a multiple of 932?
False
Does 257 divide 208391277?
True
Is 536990433 a multiple of 4353?
True
Is 35 a factor of 3674143?
False
Does 32 divide 78740544?
True
Is 48846513 a multiple of 4?
False
Is 2193 a factor of 69046866?
False
Is 259 a factor of 46705087?
False
Is 1748828391 a multiple of 579?
True
Is 524856 a multiple of 24?
True
Is 946538553 a multiple of 1560?
False
Is 30351809 a multiple of 1196?
False
Is 6 a factor of